- 1519 = -5*h - 510. What is the greatest common factor of 783 and h?
29
Let y(t) = -t**3 - 3*t**2 + 6*t - 4. Let j be y(-5). Let f = -263 - -503. Let n be f/(-72)*(-36)/15. What is the greatest common divisor of n and j?
8
Let m(y) = -7*y - 27. Let b(g) = -7*g - 25. Let s(j) = 2*b(j) - 3*m(j). Let v be s(-3). What is the highest common divisor of 70 and v?
10
Let p = -8 + 16. Let s be 11 - (-2 - p/(-4)). Suppose 5*g - 5*f - 60 = 0, 4*g + f - 64 + s = 0. What is the highest common divisor of g and 143?
13
Suppose -50*b - 15680 = -82*b. Let g = b + -410. What is the greatest common divisor of g and 304?
16
Let z = -2346 + 2430. Calculate the greatest common divisor of z and 2784.
12
Let x = 511 + -458. What is the greatest common factor of 4293 and x?
53
Suppose -c - 4*w = -185, 5*c - 3*c = -2*w + 346. Let v be 8/6*(-69)/322*-91. What is the greatest common divisor of v and c?
13
Let r be (588/20)/(24/40). What is the greatest common divisor of r and 9?
1
Let m(g) = g**2 + 2*g - 21. Let b be m(-6). Let q be 2/(b + (-52)/20). Suppose -q*y - 5 = -70. Calculate the highest common divisor of 13 and y.
13
Suppose 2*c - 6 = -0*c. Suppose -2*l - 2 = -2*v, -2*l - v - 2 = c. Let f be ((-2)/l)/((-1)/(-42)). Calculate the greatest common divisor of f and 6.
6
Suppose 5*g - 7*g + 2*o = -332, -3*o + 798 = 5*g. What is the highest common factor of g and 1458?
162
Let g be (-7908)/(-60) - (-2)/10. Let l be (4/(-5))/((-4)/20). Suppose -l*c + 2*c + 176 = 0. Calculate the highest common factor of c and g.
44
Let h be (-72)/(-144) - 5043/(-2). Calculate the greatest common divisor of h and 26.
26
Suppose 3*t + 0*s - 826 = 4*s, -2*t - 5*s = -520. Suppose -x + t = 8*x. Calculate the highest common divisor of 6 and x.
6
Suppose 21 = -2*u - 3*f, 0 = -4*u + 4*f - 3 - 9. Let i be (15/(-2))/(u/16). What is the greatest common divisor of i and 20?
20
Let x = 79 + -32. Let g = -29 + x. Let p be (g/7)/(9/546). Calculate the highest common divisor of 104 and p.
52
Let c = -19172 + 19333. Let i be (1/2)/((-4)/8). Let k be ((-1)/i)/((-2)/(-46)). What is the highest common factor of c and k?
23
Suppose 118*l + 720 = 122*l + 76*l. Calculate the highest common factor of 19989 and l.
9
Suppose 9*y - 126 = -108. Suppose -3452 = -4*w + 2*t, -y*w + 4*w + 4*t - 1736 = 0. What is the greatest common factor of w and 27?
27
Suppose -8*o - 9*o = -2345 + 203. Calculate the greatest common divisor of 138 and o.
6
Suppose 0 = 3*q + 27*q - 10200. Calculate the greatest common factor of 8 and q.
4
Let t(j) = -49*j - 117. Let f(w) = -49*w - 116. Let c(b) = -5*f(b) + 6*t(b). Let i be c(-3). Calculate the greatest common factor of i and 775.
25
Suppose -m - 5*v = -9*v - 639, 0 = -2*m + 2*v + 1296. Calculate the highest common factor of m and 372.
93
Suppose -28 - 47 = -3*o. Let b = 2429 + -2425. Suppose -a + o = -b. What is the highest common divisor of 58 and a?
29
Let g = -65 - -113. Let u(k) = 75*k + 72 - 163*k + 78*k. Let f be u(7). What is the highest common divisor of f and g?
2
Suppose -d + 2 = 0, -5*t - 4*d + d - 34 = 0. Let o(z) = 14*z + 176. Let y be o(t). What is the highest common divisor of y and 96?
32
Suppose 10*f - 3*f - 1096 = 276. Calculate the highest common factor of 4753 and f.
49
Let b be 2 + 13 + 2 + -2. Let f be -6*3/(-18)*-1 + -103. Let c = f + 179. What is the greatest common divisor of b and c?
15
Suppose 5*l = 5*n + 52540, -3*l + n + 13520 = -18000. Calculate the greatest common factor of l and 306.
102
Let x = 15854 + -15232. Calculate the highest common factor of x and 2.
2
Let q be 33 + -23 - 10/2. Suppose -4*v = -5*d - 193 + 32, q*v - 3*d - 211 = 0. Calculate the greatest common divisor of v and 55.
11
Suppose -4*o - 1 + 25 = 0. Let t be (-12)/10*(-2)/(8/110). Calculate the greatest common factor of t and o.
3
Let l(s) = 69*s - 1. Let n be l(4). Suppose 14*w - 1233 - 2870 = 517. What is the highest common factor of w and n?
55
Suppose -4*q = 2 - 26. Let w be (-1 - -39)/(2/1). Suppose 1 = -y + w. What is the highest common divisor of q and y?
6
Let s = 1 + 47. Suppose 5*w + 4*u - 5*u = 67, -26 = -w - 4*u. Suppose 26 = -7*m + 11*m + z, -w = -2*m - z. What is the greatest common factor of m and s?
6
Suppose -i + 2*f + 160 + 120 = 0, -5*f = -i + 292. Suppose -79*r + 170 = -69*r. What is the greatest common divisor of r and i?
17
Suppose -5*m = -2*m - 21. Let d = 72 - 51. What is the highest common factor of m and d?
7
Let g(u) = 3*u - u**3 + 6*u + 9 + 0*u**3 + 3*u**3. Let k be g(3). Calculate the highest common divisor of 36 and k.
18
Suppose 2*c - 76 - 49 = -5*q, 3*q - 115 = -2*c. Let x be ((-336)/(-15))/(2 + (-95)/c). Let k = 27 + 1. Calculate the greatest common divisor of x and k.
28
Let v = -9142 - -9208. Let a(w) = 5*w + 1. Let t be a(1). What is the greatest common divisor of t and v?
6
Suppose 648 = 1365*d - 1347*d. Calculate the greatest common divisor of 954 and d.
18
Suppose -2*g = 505 - 2283. Suppose -g + 871 = -2*y. What is the greatest common divisor of 243 and y?
9
Let r = -19 - 22. Let f = -25 - r. Let q = 100 - f. What is the greatest common factor of q and 28?
28
Let m(t) = t + 2. Let o be m(-1). Let d be ((-4)/(-5) - o) + (-26462)/(-10). Let q be d/154 - 4/22. Calculate the greatest common divisor of q and 85.
17
Let j be -1 + 104 + -2 + 3. Suppose -10*d + 3*d = 8*d - 1950. What is the highest common divisor of d and j?
26
Let j(b) = 10*b**2 - 1269*b + 163. Let o be j(127). Calculate the highest common divisor of o and 30.
10
Let k(w) = 2*w**2 - 2*w - 12. Let z be k(-4). Let f = -171 - -179. What is the highest common divisor of f and z?
4
Let h(m) = 19*m + 111. Let t be h(7). Suppose 0 = -238*w + t*w - 2838. What is the greatest common factor of w and 86?
43
Suppose 0*q + 4*v - 5 = 3*q, -5*q + 50 = 5*v. Let h be (-15*20/(-250))/(9/15). Suppose q*c + h*c = 91. What is the highest common divisor of 13 and c?
13
Suppose -2*o - 341 = -3*w, 30*w - 34*w = -4*o - 452. Calculate the greatest common factor of w and 4945.
115
Let y(k) = -k**3 - 39*k**2 + 87*k + 647. Let x be y(-41). Calculate the greatest common factor of 650 and x.
26
Let t be 16/(1 - 48/56). What is the greatest common factor of 350 and t?
14
Let o(u) = -u**2 - 9*u - 5. Let k be o(-8). Suppose -d - k = -30. Suppose 3*b = 32*i + 806, 10*i = 6*i - 40. What is the highest common divisor of b and d?
27
Suppose 0 = -20*f - 53 + 393. Let a be (-5 + 22)/(f/646). What is the highest common divisor of a and 34?
34
Let d be (-14)/91 + (-54346)/(-377). Calculate the greatest common factor of 1632 and d.
48
Let d be 8/6*(-72)/(-2). Let m = d - 36. Suppose m*w = 5*w + 49. Calculate the greatest common factor of 28 and w.
7
Let p(t) = t**3 + 5*t**2 - 8*t - 5. Let k be p(-6). Let f be (-2 - (-40)/6)/(29 - 34775/1200). Calculate the greatest common factor of f and k.
7
Let q = -46 - 31. Let i = q + 116. Calculate the greatest common divisor of i and 78.
39
Let x = 15663 - 13813. What is the highest common divisor of 592 and x?
74
Suppose 2*p + 2*p + 124 = 0. Let j = p + 53. Let w = -77 + 275. What is the greatest common divisor of j and w?
22
Suppose 92*a = 13*a + 1361 + 1878. What is the highest common divisor of a and 4961?
41
Let y(m) be the second derivative of -4*m**3/3 - 137*m**2/2 + 15*m - 3. Let s be y(-22). What is the highest common divisor of 3 and s?
3
Let i be (-2 + 310/4)/(2 + 55/(-30)). Calculate the highest common factor of i and 12.
3
Suppose -7865 - 15868 - 87459 = -113*x. What is the greatest common divisor of 1230 and x?
246
Suppose -4*j = -10*j + 1116. Suppose -1798 = -75*s + 17*s. What is the greatest common divisor of s and j?
31
Suppose 516*l - 826 = 3302. Calculate the greatest common factor of 10888 and l.
8
Suppose 4*k - 120 = 2*k. Let v(z) = 20*z**2 + 190*z + 375. Let h be v(-2). Calculate the greatest common divisor of h and k.
15
Let p(q) = -q**3 - 3*q**2 + q + 1. Let g be p(-3). Let n be (-33 - 2) + 5*(4 + -3). Let w be g/5 + (-822)/n. Calculate the greatest common divisor of 18 and w.
9
Let d be (1 - 1) + 15/5. Let w be (-2)/((-2)/1) + -4 + 5. Suppose 2*s = -8, 18 = -z + w*z - 3*s. Calculate the highest common factor of d and z.
3
Let n = -477 - -473. Let v be n/(-5) + 37/((-1480)/(-688)). What is the greatest common divisor of 114 and v?
6
Suppose -14*v - 2823 + 2963 